9
Let b = 41334 - 23171. What is the thousands digit of b?
8
Let q(d) = 679*d**2 + 860*d + 6831. What is the tens digit of q(-8)?
0
Let x = -45 + 44. Let u be (60/50)/((-158)/(-160) + x). What is the tens digit of (21/(-4))/(18/u) - 1?
2
Suppose w = o - 19, -3*w = -4*w - 5*o - 31. Let y be ((-4832)/(-14))/(-4) + (-6)/w. Let t = 8 - y. What is the tens digit of t?
9
Let j(g) = 2*g**3 + 137*g**2 - 299*g - 90. What is the units digit of j(-66)?
4
Let l(a) = -a - 1. Let o(y) = 10*y - 37. Suppose -5*f + 33 = -0*v + 4*v, -10 = -5*v. Let k(d) = f*l(d) + o(d). What is the units digit of k(11)?
3
Suppose 330*y - 321*y = 430209. What is the thousands digit of y?
7
Suppose 0*d + 106 = -2*d - 2*z, 5*d - 2*z + 237 = 0. Let v = d - -149. Suppose 8*m - 1012 = v. What is the units digit of m?
9
Suppose 2*p - 2*j = 1032, -4*p + p + 2*j = -1550. Let k = p - 100. Suppose -133 = 5*q - k. What is the tens digit of q?
5
Suppose 7658 = u + 4*x, -x + 780 + 29837 = 4*u. What is the hundreds digit of u?
6
Suppose 0 = 4*g + 3*p - 2*p - 109, -44 = -2*g - 4*p. Suppose -g*z + 26*z = -314. What is the tens digit of z?
5
Let b(s) = 613*s - 784. What is the units digit of b(8)?
0
Suppose 3*a + 14472 = 12*a. What is the tens digit of (4/(-6))/((-16)/a)?
6
Suppose n - 49905 = 22158 - 10390. What is the ten thousands digit of n?
6
Let d(z) = 8*z**3 + 2*z**2 - 2*z + 1. Let t be d(1). Suppose 2832 = 2*n + 5*s, -4241 = -3*n + 5*s - t*s. What is the thousands digit of n?
1
Let i(y) = 10*y**3 + 6*y**2 - 28*y + 24. What is the tens digit of i(8)?
0
Let n(j) = -3*j**3 - 2*j**2 - 27*j - 95. Let h(f) = 2*f**3 + 14*f + 48. Let a(y) = -5*h(y) - 3*n(y). What is the hundreds digit of a(-5)?
2
Let t be (2 - (4 + -1)) + 4/(-2). Let m be ((-12)/8)/(t/(-6)). What is the tens digit of (-82*m/12)/((-2)/(-12))?
2
Let i be 8*-36 + (-7 - -8). Let v = 1483 + i. What is the tens digit of v?
9
Suppose -d = -4*q + 22997, q - 1430 = -d + 4318. What is the tens digit of q?
4
What is the hundreds digit of (-2)/(-2) + (2085/(-45))/(2/(-240))?
5
Let q be ((-14)/4)/(3/24). What is the hundreds digit of -144*((-63)/q)/(-3)?
1
Let x(c) = -c**3 + 6*c**2 - 85*c - 269. What is the ten thousands digit of x(-23)?
1
Suppose 0 = g - 4, 4*q + 2*g - g - 28 = 0. What is the units digit of (-1084)/(-14)*(q + (10 - 9))?
2
Suppose 3*w - 81943 = -3*t - 4492, 5*w - 77453 = -3*t. What is the hundreds digit of t?
8
Let c = -158 - -166. Suppose 0 = -5*j + c*j - 861. What is the tens digit of j?
8
What is the thousands digit of 22659/5 + (-175)/(-875)?
4
Suppose x - 5*f = 2 + 2, f = 5*x + 4. What is the units digit of (-3120)/(30/(-6)) - x?
5
Suppose -60*j + 50*j = -50. Suppose -23*r + 21*r = -2*d - 1174, -j*d = -10. What is the hundreds digit of r?
5
Let i(n) = 3*n**3 - 190*n - 190. What is the hundreds digit of i(21)?
6
Let t(s) = 3*s**3 - 2*s**2 - 3*s - 1. Let j be 406/126 - 6/27. What is the tens digit of t(j)?
5
Let l(p) = p**3 - 53*p**2 - 25*p - 65. Suppose -3*i + 5*h + 162 = 0, 4*i - 2*h + 270 = 9*i. What is the thousands digit of l(i)?
1
What is the tens digit of 6201 - 88/(7 + -15)?
1
Suppose -49*c - 15 = -44*c, 5*o + 4*c = 27323. What is the tens digit of o?
6
Let b be (1/(-8)*18)/((-3)/(-16)). What is the tens digit of ((-5)/(40/354))/(3/b)?
7
Let q = -388 - -1076. Let f = 2140 - q. What is the units digit of f?
2
Let k(d) = -d**3 - 10*d**2 - 3*d - 7. Let t be k(-12). Suppose t - 1279 = -i. What is the units digit of i?
2
Suppose 0 = -34*n + 47083 + 48695. What is the units digit of n?
7
Let p = 31 + -27. Let d be -42*-12*(p - 5). What is the tens digit of ((-5)/4)/(7/d)?
9
Suppose f = -3*d + 15, 3*f + 4*d - 42 = -2*f. What is the hundreds digit of 104 + (-42)/f + 5?
1
Suppose 0 = q - r - 14582, 3*q - 3733 - 40005 = 5*r. What is the hundreds digit of q?
5
Suppose 2142*g - 2126*g - 713008 = 0. What is the tens digit of g?
6
Let q(z) = 9*z**2 + 15*z + 19. Let s be q(-9). Let x = s + -248. Suppose 4*d - x = -d. What is the tens digit of d?
7
Let a be 5/15*15 + 0. Suppose -s = 0, i - 840 = -3*i + a*s. What is the hundreds digit of i?
2
Suppose -10*s = -15*s - 35. Let i = 144 + s. What is the hundreds digit of i?
1
Let m be ((2/(-3))/(-2))/(2/354). Let x = 62 - m. Suppose x*b - 3*p - 141 = 30, 0 = p - 3. What is the tens digit of b?
6
Suppose -2*p - 48 = 30. Let i = p - -42. Suppose 0 = -2*l - i*g + 286, -2*g = -4*l + 3*g + 572. What is the units digit of l?
3
Let n(r) = -5 - 7 - 7*r + 3 + 5*r. Let x be n(-6). What is the units digit of (x + 1/1)*10?
0
Let y(r) = 3*r + 49. Let s be y(-17). Let b be s/8 + (-426)/(-8). What is the units digit of (4 + -4 - 4) + b?
9
Let c(q) = -q + 13. Let a be c(-26). Let u = -213 + 142. Let j = a - u. What is the units digit of j?
0
Let b be (-6206)/261 + (-4)/18. Let x = 26 + b. Suppose -x*h + 2*p + 102 = 0, 2*p + 2 = p. What is the units digit of h?
9
Let c = 55 - -220. Let f = c + -117. What is the hundreds digit of f?
1
Let g(s) = 4*s**2 + 52*s + 363. What is the tens digit of g(-92)?
3
Let a(t) = 44321*t + 546. What is the units digit of a(1)?
7
Let a = -2585 - -5670. What is the thousands digit of a?
3
Let w be 295/20 + 1/4. Suppose -2 = -5*h + 4*g - 23, -w = 2*h + 5*g. Let p(q) = q**3 + 7*q**2 - 6*q - 3. What is the tens digit of p(h)?
7
Let s(n) = 3*n**3 + 3*n**2 - 2*n. Let d be s(1). Suppose d*i + 322 - 54 = 0. Let l = i - -166. What is the tens digit of l?
9
Let q(d) = -7*d + 32 - 9*d + 3*d + 10*d. Let u be q(14). What is the tens digit of -1 - 872/u - 7/35?
8
Let z(t) be the second derivative of -21*t**5/4 + t**4/12 - t**3/6 - t**2/2 - 9*t. Let w be z(1). Let y = 209 + w. What is the units digit of y?
3
Let i(y) = 17*y**2 - 4*y + 20. Let c be (8/28 + 26/(-42))*-3. Let j be c/3*1/((-4)/(-36)). What is the units digit of i(j)?
1
Let y(r) = -2291*r + 2151. What is the units digit of y(-5)?
6
Let g be (-5)/(-10) - 2105/10. Let p = g + 409. What is the tens digit of p?
9
What is the thousands digit of (-12)/(-54) - 54824350/(-630)?
7
Let s(i) = 4*i**2 - 2*i - 14. Let q be (-88)/(-6)*9/(4 - 1). Let x = 40 - q. What is the tens digit of s(x)?
5
Suppose -3*x - 4*s = 2, -4*x + 2*s = -5*x - 4. Suppose c + 15 = x*c. Suppose 200 = -q + c*q. What is the hundreds digit of q?
1
Let c(b) = 4330*b + 479. What is the ten thousands digit of c(6)?
2
Suppose 4*v - 4*f + 9 = v, -f + 1 = -2*v. Let z be v*0/1 - -3. Suppose 0*i - 423 = -z*i. What is the hundreds digit of i?
1
Let u be (40/15)/((-12)/9 + 2). Let t(f) = -f**3 - 4*f**2 + f + 4. Let c be t(-4). Suppose c = 3*q - 40 + u. What is the tens digit of q?
1
Let p = 23078 + -16032. What is the tens digit of p?
4
Let m = 350 + -65. Suppose 10*r = -m + 2015. What is the units digit of r?
3
Let n(k) = k**3 + 11*k**2 + 8*k + 41. Let r be n(-10). Suppose 0 = 15*o - r*o + 11224. What is the hundreds digit of o?
2
Let m = -90 - -114. Let c = 21 - m. What is the units digit of (1 - (19 + c))*-3?
5
Suppose 157*i = 6113430 + 4383747. What is the ten thousands digit of i?
6
Suppose 88*t - 425979 - 139245 = 0. What is the units digit of t?
3
Let w = 36 - 18. Suppose 4*j = 4*f - 5444, 14*j - w*j + 4090 = 3*f. What is the units digit of f?
2
What is the tens digit of 100/(-15)*(-357)/(-56)*-76?
3
Suppose 5*j + 2199 - 6989 = -5*p, 2*j - 1904 = p. What is the units digit of j?
4
Suppose -4 + 23 = q - 3*r, -5*q - 5 = 5*r. Let y(s) = s + 2. Let d be y(q). Let k(w) = 4*w**2 - 9*w + 3. What is the units digit of k(d)?
3
Suppose -1462 + 76 = 9*y. Let i = 176 - y. What is the hundreds digit of i?
3
Let a be (13/(117/54))/((-6)/(-1648)). Let t = -1131 + a. What is the units digit of t?
7
Suppose -27 = -c - 0. What is the units digit of (9/c)/(2/834)?
9
Suppose w = k + 1, -15 = -4*w - 3*k + 10. Suppose 0 = -3*s + w*u + 3382, 2*s + 5*u = 7*s - 5640. What is the thousands digit of s?
1
Suppose -3*v = -4911 - 186. Suppose -3*n + 446 = 3*t - v, 5*t - 3567 = 3*n. What is the tens digit of t?
1
Let c = -6291 - -6221. Suppose 3*z + 0*z - 39 = 0. Let x = z - c. What is the tens digit of x?
8
Suppose 4*h + b = 3525, b - 4*b = -4*h + 3537. Suppose 2*z + 2*g = -0*g + h, -12 = -3*g. What is the hundreds digit of z?
4
Suppose 0 = 2*s - 4*u - 626, 46*s - 325 = 45*s - 2*u. What is the tens digit of s?
1
Let t be -30 + 4/(-12)*3. Let c = 21 + t. Let w = c + 20. What is the tens digit o